{"id":555,"date":"2017-08-10T18:15:17","date_gmt":"2017-08-10T17:15:17","guid":{"rendered":"http:\/\/www.legrain-huissier.fr\/?page_id=555"},"modified":"2025-09-28T06:44:11","modified_gmt":"2025-09-28T04:44:11","slug":"huissier-recouvrement","status":"publish","type":"page","link":"https:\/\/www.legrain-cesca.fr\/index.php\/huissier-recouvrement\/","title":{"rendered":"Recouvrement"},"content":{"rendered":"<p><span style=\"color: #999999;\">Nous nous chargeons de tous types de recouvrement.<\/span><br \/>\n<span style=\"color: #999999;\">Amiable ou judiciaire, nous r\u00e9alisons dans ce cadre toutes les voies d&rsquo;ex\u00e9cution conform\u00e9ment aux textes en vigueur et notamment :<\/span><\/p>\n<ul>\n<li><span style=\"color: #999999;\">Saisie attribution de compte bancaire<\/span><\/li>\n<li><span style=\"color: #999999;\">Saisie vente<\/span><\/li>\n<li><span style=\"color: #999999;\">Saisie immobili\u00e8re<\/span><\/li>\n<li><span style=\"color: #999999;\">Mesures conservatoires<\/span><\/li>\n<li><span style=\"color: #999999;\">Hypoth\u00e8ques<\/span><\/li>\n<li><span style=\"color: #999999;\">Saisie de droits d&rsquo;associ\u00e9s et valeurs mobili\u00e8res<\/span><\/li>\n<li><span style=\"color: #999999;\">Saisie des r\u00e9mun\u00e9rations<\/span><\/li>\n<li><span style=\"color: #999999;\">Expulsion<\/span><\/li>\n<li><span style=\"color: #999999;\">Ch\u00e8ques impay\u00e9s<\/span><\/li>\n<li><span style=\"color: #999999;\">Opposition sur prix de vente de fonds de commerce<\/span><\/li>\n<\/ul>\n<hr \/>\n<p style=\"text-align: center;\"><span style=\"color: #1184a3;\">LEGRAIN CESCA et associ\u00e9s &#8211; Huissier de Justice &#8211; 27, rue de Lisbonne &#8211; 75008 PARIS<\/span><br \/>\n<span style=\"color: #808080;\"><a style=\"color: #808080;\" href=\"mailto:etude@legrain-cesca.fr\"><span style=\"color: #1184a3;\">etude@legrain-cesca.fr<\/span><\/a> <span style=\"color: #1184a3;\">&#8211; Tel : +33\u00a01 55 74 69 60<\/span><\/span><\/p>\n<p style=\"text-align: center;\"><span style=\"color: #808080;\"><a style=\"color: #808080;\" href=\"https:\/\/www.legrain-cesca.fr\/index.php\/mentions-legales\/\"><span style=\"color: #1184a3;\">Mentions l\u00e9gales<\/span><\/a><\/span><\/p>\n","protected":false},"excerpt":{"rendered":"<p>Nous nous chargeons de tous types de recouvrement. Amiable ou judiciaire, nous r\u00e9alisons dans ce cadre toutes les voies d&rsquo;ex\u00e9cution conform\u00e9ment aux textes en vigueur et notamment : Saisie attribution&#8230; <a class=\"read-more-button\" href=\"https:\/\/www.legrain-cesca.fr\/index.php\/huissier-recouvrement\/\">Savoir plus &gt;<\/a><\/p>\n","protected":false},"author":1,"featured_media":0,"parent":0,"menu_order":0,"comment_status":"closed","ping_status":"closed","template":"template-without-title.php","meta":{"om_disable_all_campaigns":false,"_monsterinsights_skip_tracking":false,"_monsterinsights_sitenote_active":false,"_monsterinsights_sitenote_note":"","_monsterinsights_sitenote_category":0,"footnotes":""},"class_list":["post-555","page","type-page","status-publish","hentry"],"aioseo_notices":[],"_links":{"self":[{"href":"https:\/\/www.legrain-cesca.fr\/index.php\/wp-json\/wp\/v2\/pages\/555","targetHints":{"allow":["GET"]}}],"collection":[{"href":"https:\/\/www.legrain-cesca.fr\/index.php\/wp-json\/wp\/v2\/pages"}],"about":[{"href":"https:\/\/www.legrain-cesca.fr\/index.php\/wp-json\/wp\/v2\/types\/page"}],"author":[{"embeddable":true,"href":"https:\/\/www.legrain-cesca.fr\/index.php\/wp-json\/wp\/v2\/users\/1"}],"replies":[{"embeddable":true,"href":"https:\/\/www.legrain-cesca.fr\/index.php\/wp-json\/wp\/v2\/comments?post=555"}],"version-history":[{"count":3,"href":"https:\/\/www.legrain-cesca.fr\/index.php\/wp-json\/wp\/v2\/pages\/555\/revisions"}],"predecessor-version":[{"id":1046,"href":"https:\/\/www.legrain-cesca.fr\/index.php\/wp-json\/wp\/v2\/pages\/555\/revisions\/1046"}],"wp:attachment":[{"href":"https:\/\/www.legrain-cesca.fr\/index.php\/wp-json\/wp\/v2\/media?parent=555"}],"curies":[{"name":"wp","href":"https:\/\/api.w.org\/{rel}","templated":true}]}}